{"id":36,"date":"2021-01-23T13:02:19","date_gmt":"2021-01-23T12:02:19","guid":{"rendered":"http:\/\/osteopathiemitherz-badenhausen.de\/?page_id=36"},"modified":"2026-02-26T20:01:23","modified_gmt":"2026-02-26T19:01:23","slug":"startseite","status":"publish","type":"page","link":"https:\/\/osteopathiemitherz-badenhausen.de\/","title":{"rendered":"Startseite"},"content":{"rendered":"\n<p>Wir sind umgezogen in eine wundersch\u00f6ne, lichtdurchflutete Praxis &#8211; <\/p>\n\n\n\n<p>von Badenhausen nach Osterode in die Hoelemannpromenade 9 &#8211; ins \u00c4rztehaus &#8211; Sie finden uns im 2. Obergeschoss.<\/p>\n\n\n\n<p>Wir freuen uns \u00fcber Ihre Nachricht auf dem Anrufbeantworter (R\u00fcckmeldung oft erst nach 18 Uhr oder am Folgetag) unter der 05522 \/ 8686633 oder per Mail an die info@osteopathiemitherz-osterode.de<\/p>\n\n\n\n<p>oder buchen Sie Ihren Termin gleich bequem online \ud83d\ude42 <\/p>\n\n\n\n<p><a href=\"https:\/\/my.lemniscus.de\/ot\/0f33f3cf-fb58-43a6-9a98-9d76480a803f\">https:\/\/my.lemniscus.de\/ot\/0f33f3cf-fb58-43a6-9a98-9d76480a803f<\/a><\/p>\n\n\n\n<p>Falls Ihr Wunschtermin nicht dabei ist oder Sie akute Beschwerden haben, melden Sie sich nach wie vor telefonisch oder per mail.<strong> <\/strong><\/p>\n\n\n\n<p>Vielen Dank!<\/p>\n\n\n\n<p>Herzlichst, Ihre Stephanie Klemmt <\/p>\n","protected":false},"excerpt":{"rendered":"<p>Wir sind umgezogen in eine wundersch\u00f6ne, lichtdurchflutete Praxis &#8211; von Badenhausen nach Osterode in die Hoelemannpromenade 9 &#8211; ins \u00c4rztehaus &#8211; Sie finden uns im 2. Obergeschoss. Wir freuen uns \u00fcber Ihre Nachricht auf dem Anrufbeantworter (R\u00fcckmeldung oft erst nach 18 Uhr oder am Folgetag) unter der 05522 \/ 8686633 oder per Mail an die &hellip; <\/p>\n<p class=\"link-more\"><a href=\"https:\/\/osteopathiemitherz-badenhausen.de\/\" class=\"more-link\"><span class=\"screen-reader-text\">\u201eStartseite\u201c<\/span> weiterlesen<\/a><\/p>\n","protected":false},"author":1,"featured_media":0,"parent":0,"menu_order":0,"comment_status":"closed","ping_status":"closed","template":"","meta":{"footnotes":""},"class_list":["post-36","page","type-page","status-publish","hentry"],"_links":{"self":[{"href":"https:\/\/osteopathiemitherz-badenhausen.de\/index.php?rest_route=\/wp\/v2\/pages\/36","targetHints":{"allow":["GET"]}}],"collection":[{"href":"https:\/\/osteopathiemitherz-badenhausen.de\/index.php?rest_route=\/wp\/v2\/pages"}],"about":[{"href":"https:\/\/osteopathiemitherz-badenhausen.de\/index.php?rest_route=\/wp\/v2\/types\/page"}],"author":[{"embeddable":true,"href":"https:\/\/osteopathiemitherz-badenhausen.de\/index.php?rest_route=\/wp\/v2\/users\/1"}],"replies":[{"embeddable":true,"href":"https:\/\/osteopathiemitherz-badenhausen.de\/index.php?rest_route=%2Fwp%2Fv2%2Fcomments&post=36"}],"version-history":[{"count":12,"href":"https:\/\/osteopathiemitherz-badenhausen.de\/index.php?rest_route=\/wp\/v2\/pages\/36\/revisions"}],"predecessor-version":[{"id":114,"href":"https:\/\/osteopathiemitherz-badenhausen.de\/index.php?rest_route=\/wp\/v2\/pages\/36\/revisions\/114"}],"wp:attachment":[{"href":"https:\/\/osteopathiemitherz-badenhausen.de\/index.php?rest_route=%2Fwp%2Fv2%2Fmedia&parent=36"}],"curies":[{"name":"wp","href":"https:\/\/api.w.org\/{rel}","templated":true}]}}