{"id":17,"date":"2021-01-23T12:26:24","date_gmt":"2021-01-23T11:26:24","guid":{"rendered":"http:\/\/osteopathiemitherz-badenhausen.de\/?page_id=17"},"modified":"2021-01-24T14:21:42","modified_gmt":"2021-01-24T13:21:42","slug":"datenschutz","status":"publish","type":"page","link":"https:\/\/osteopathiemitherz-badenhausen.de\/?page_id=17","title":{"rendered":"Datenschutz"},"content":{"rendered":"\n<p><strong>Allgemeines zum Datenschutz (DSGVO &amp; BDSG-neu)<\/strong><\/p>\n\n\n\n<p>Wir freuen uns \u00fcber Ihr Interesse an unserer Webseite. Der Schutz Ihrer Privatsph\u00e4re ist f\u00fcr uns sehr wichtig. Nachstehend informieren wir Sie ausf\u00fchrlich \u00fcber den Umgang mit Ihren Daten.<\/p>\n\n\n\n<p>Die Datenschutzerkl\u00e4rung der Praxis f\u00fcr Osteopathie Stephanie Klemmt beruht auf den Begrifflichkeiten, die durch den Europ\u00e4ischen Richtlinien- und Verordnungsgeber beim Erlass der Datenschutz-Grundverordnung (DS-GVO) verwendet wurden. Unsere Datenschutzerkl\u00e4rung soll sowohl f\u00fcr die \u00d6ffentlichkeit als auch f\u00fcr unsere Kunden und Gesch\u00e4ftspartner einfach lesbar und verst\u00e4ndlich sein. Um dies zu gew\u00e4hrleisten, m\u00f6chten wir vorab die verwendeten Begrifflichkeiten erl\u00e4utern.<\/p>\n\n\n\n<p>Wir verwenden in dieser Datenschutzerkl\u00e4rung unter anderem die folgenden Begriffe:<\/p>\n\n\n\n<p>a) personenbezogene Daten<br>Personenbezogene Daten sind alle Informationen, die sich auf eine identifizierte oder identifizierbare nat\u00fcrliche Person (im Folgenden \u201ebetroffene Person\u201c) beziehen. Als identifizierbar wird eine nat\u00fcrliche Person angesehen, die direkt oder indirekt, insbesondere mittels Zuordnung zu einer Kennung wie einem Namen, zu einer Kennnummer, zu Standortdaten, zu einer Online-Kennung oder zu einem oder mehreren besonderen Merkmalen, die Ausdruck der physischen, physiologischen, genetischen, psychischen, wirtschaftlichen, kulturellen oder sozialen Identit\u00e4t dieser nat\u00fcrlichen Person sind, identifiziert werden kann.<\/p>\n\n\n\n<p>b) betroffene Person<br>Betroffene Person ist jede identifizierte oder identifizierbare nat\u00fcrliche Person, deren personenbezogene Daten von dem f\u00fcr die Verarbeitung Verantwortlichen verarbeitet werden.<\/p>\n\n\n\n<p>c) Verarbeitung<br>Verarbeitung ist jeder mit oder ohne Hilfe automatisierter Verfahren ausgef\u00fchrte Vorgang oder jede solche Vorgangsreihe im Zusammenhang mit personenbezogenen Daten wie das Erheben, das Erfassen, die Organisation, das Ordnen, die Speicherung, die Anpassung oder Ver\u00e4nderung, das Auslesen, das Abfragen, die Verwendung, die Offenlegung durch \u00dcbermittlung, Verbreitung oder eine andere Form der Bereitstellung, den Abgleich oder die Verkn\u00fcpfung, die Einschr\u00e4nkung, das L\u00f6schen oder die Vernichtung.<\/p>\n\n\n\n<p>d) Einschr\u00e4nkung der Verarbeitung<br>Einschr\u00e4nkung der Verarbeitung ist die Markierung gespeicherter personenbezogener Daten mit dem Ziel, ihre k\u00fcnftige Verarbeitung einzuschr\u00e4nken.<\/p>\n\n\n\n<p>e) Profiling<br>Profiling ist jede Art der automatisierten Verarbeitung personenbezogener Daten, die darin besteht, dass diese personenbezogenen Daten verwendet werden, um bestimmte pers\u00f6nliche Aspekte, die sich auf eine nat\u00fcrliche Person beziehen, zu bewerten, insbesondere, um Aspekte bez\u00fcglich Arbeitsleistung, wirtschaftlicher Lage, Gesundheit, pers\u00f6nlicher Vorlieben, Interessen, Zuverl\u00e4ssigkeit, Verhalten, Aufenthaltsort oder Ortswechsel dieser nat\u00fcrlichen Person zu analysieren oder vorherzusagen.<\/p>\n\n\n\n<p>f) Pseudonymisierung<br>Pseudonymisierung ist die Verarbeitung personenbezogener Daten in einer Weise, auf welche die personenbezogenen Daten ohne Hinzuziehung zus\u00e4tzlicher Informationen nicht mehr einer spezifischen betroffenen Person zugeordnet werden k\u00f6nnen, sofern diese zus\u00e4tzlichen Informationen gesondert aufbewahrt werden und technischen und organisatorischen Ma\u00dfnahmen unterliegen, die gew\u00e4hrleisten, dass die personenbezogenen Daten nicht einer identifizierten oder identifizierbaren nat\u00fcrlichen Person zugewiesen werden.<\/p>\n\n\n\n<p>g) Verantwortlicher oder f\u00fcr die Verarbeitung Verantwortlicher<br>Verantwortlicher oder f\u00fcr die Verarbeitung Verantwortlicher ist die nat\u00fcrliche oder juristische Person, Beh\u00f6rde, Einrichtung oder andere Stelle, die allein oder gemeinsam mit anderen \u00fcber die Zwecke und Mittel der Verarbeitung von personenbezogenen Daten entscheidet. Sind die Zwecke und Mittel dieser Verarbeitung durch das Unionsrecht oder das Recht der Mitgliedstaaten vorgegeben, so kann der Verantwortliche beziehungsweise k\u00f6nnen die bestimmten Kriterien seiner Benennung nach dem Unionsrecht oder dem Recht der Mitgliedstaaten vorgesehen werden.<\/p>\n\n\n\n<p>h) Auftragsverarbeiter<br>Auftragsverarbeiter ist eine nat\u00fcrliche oder juristische Person, Beh\u00f6rde, Einrichtung oder andere Stelle, die personenbezogene Daten im Auftrag des Verantwortlichen verarbeitet.<\/p>\n\n\n\n<p>i) Empf\u00e4nger<br>Empf\u00e4nger ist eine nat\u00fcrliche oder juristische Person, Beh\u00f6rde, Einrichtung oder andere Stelle, der personenbezogene Daten offengelegt werden, unabh\u00e4ngig davon, ob es sich bei ihr um einen Dritten handelt oder nicht. Beh\u00f6rden, die im Rahmen eines bestimmten Untersuchungsauftrags nach dem Unionsrecht oder dem Recht der Mitgliedstaaten m\u00f6glicherweise personenbezogene Daten erhalten, gelten jedoch nicht als Empf\u00e4nger.<\/p>\n\n\n\n<p>j) Dritter<br>Dritter ist eine nat\u00fcrliche oder juristische Person, Beh\u00f6rde, Einrichtung oder andere Stelle au\u00dfer der betroffenen Person, dem Verantwortlichen, dem Auftragsverarbeiter und den Personen, die unter der unmittelbaren Verantwortung des Verantwortlichen oder des Auftragsverarbeiters befugt sind, die personenbezogenen Daten zu verarbeiten.<\/p>\n\n\n\n<p>k) Einwilligung<br>Einwilligung ist jede von der betroffenen Person freiwillig f\u00fcr den bestimmten Fall in informierter Weise und unmissverst\u00e4ndlich abgegebene Willensbekundung in Form einer Erkl\u00e4rung oder einer sonstigen eindeutigen best\u00e4tigenden Handlung, mit der die betroffene Person zu verstehen gibt, dass sie mit der Verarbeitung der sie betreffenden personenbezogenen Daten einverstanden ist.<\/p>\n\n\n\n<p><strong>Erhebung, Verarbeitung und Nutzung personenbezogener Daten<\/strong><br>Personenbezogene Daten werden nur erhoben, wenn Sie uns diese im Rahmen Ihres E-Mail-Kontakts oder online Anmeldebogen freiwillig mitteilen. Wir verwenden die von Ihnen mitgeteilten Daten ohne Ihre gesonderte Einwilligung ausschlie\u00dflich zur Erf\u00fcllung und Abwicklung Ihrer Anfrage bzw. Auftrages (Vorvertraglicher Prozess). Mit vollst\u00e4ndiger Abwicklung des Vertrags und vollst\u00e4ndiger Bezahlung werden Ihre Daten f\u00fcr die weitere Verwendung nicht mehr genutzt und nach Ablauf der steuer- und handelsrechtlich sowie Patientenrechtegesetz vorgeschriebenen Fristen gel\u00f6scht, sofern Sie nicht ausdr\u00fccklich in die weitere Nutzung Ihrer Daten eingewilligt haben.<\/p>\n\n\n\n<p><strong>Weitergabe Ihrer Daten<\/strong><br>Eine Weitergabe Ihrer Daten erfolgt ggf. an das mit einer Dienstleistung beauftragte Unternehmen, soweit dies zur Erf\u00fcllung Ihres Auftrages notwendig ist. Zur Abwicklung von Zahlungen geben wir Ihre Zahlungsdaten an das mit der Zahlung beauftragte Kreditinstitut weiter.<\/p>\n\n\n\n<p><strong>Einwilligung und Widerruf<\/strong><br>Personenbezogene Daten, die Sie \u00fcber unsere Website mitgeteilt worden sind, werden nur so lange gespeichert, bis der Zweck erf\u00fcllt ist, zu dem sie uns anvertraut wurden. Soweit handels- und steuerrechtliche Aufbewahrungsfristen zu beachten sind, kann die Speicherdauer zu bestimmten Daten bis zu 10 Jahre betragen.<\/p>\n\n\n\n<p>Sollten Sie mit der Speicherung Ihrer personenbezogenen Daten nicht mehr einverstanden oder diese unrichtig geworden sein, werden wir auf eine entsprechende Weisung hin die L\u00f6schung oder Sperrung Ihrer Daten veranlassen oder die notwendigen Korrekturen vornehmen (soweit dies nach dem geltendem Recht m\u00f6glich ist).<\/p>\n\n\n\n<p><strong>Allgemeine rechtliche Informationen und Widerruf<\/strong><br>Die Verarbeitung der Daten, die wir \u00fcber unsere Website erhalten, erfolgt auf Servern in Deutschland.<\/p>\n\n\n\n<p><strong>Links auf andere Internetseiten<\/strong><br>Wir verweisen gelegentlich auf die Webseiten Dritter. Obwohl wir diese Dritten sorgf\u00e4ltig aussuchen, k\u00f6nnen wir keine Gew\u00e4hr und Haftung f\u00fcr die Richtigkeit bzw. Vollst\u00e4ndigkeit der Inhalte und die Datensicherheit von Websites Dritter \u00fcbernehmen. Jede Verlinkung wird speziell gekennzeichnet. Auch gilt diese Datenschutzerkl\u00e4rung nicht f\u00fcr verlinkte Webseiten Dritter.<\/p>\n\n\n\n<p><strong>Verwendung von Cookies<\/strong><br>Wir verwenden keine Cookies. <\/p>\n\n\n\n<p><strong>Akismet<\/strong> <\/p>\n\n\n\n<p>Wir sammeln Informationen \u00fcber Besucher, die Kommentare auf Websites, die unseren Akismet Anti-Spam Service (&nbsp;Automattic Inc., 60 29th Street #343, San Francisco, CA 94110, USA)benutzen, hinterlassen. Das Ausma\u00df an Informationen, die wir sammeln, beinhalten die IP-Adresse des Benutzers, den User Agent, Referrer und Website-URL (sowie den Informationen, die der Benutzer direkt eingegeben hat wie z.B. Namen, Benutzernamen, E-Mail-Adresse und den Kommentar selbst).&nbsp;Mit Hilfe dieses Dienstes werden Kommentare echter Menschen von Spam-Kommentaren unterschieden. Dazu werden alle Kommentarangaben an einen Server in den USA verschickt, wo sie analysiert und f\u00fcr Vergleichszwecke vier Tage lang gespeichert werden. Ist ein Kommentar als Spam eingestuft worden, werden die Daten \u00fcber diese Zeit hinaus gespeichert.N\u00e4here Informationen zur Erhebung und Nutzung der Daten durch Akismet finden sich in den Datenschutzhinweisen von Automattic:&nbsp;<a rel=\"noreferrer noopener\" href=\"https:\/\/automattic.com\/privacy\/\" target=\"_blank\">https:\/\/automattic.com\/privacy\/<\/a>.<\/p>\n\n\n\n<p><strong>Clever reach<\/strong><\/p>\n\n\n\n<p>Auf unserer Seite nutzen wir das Anmeldetool clever reach.&nbsp;<strong>CleverReach GmbH &amp; Co. KG,&nbsp;<\/strong>\/\/CRASH Building, Schafj\u00fcckenweg 2, 26180 Rastede, Deutschland. Es werden hier ausschlie\u00dflich Ihr Name, Anschrift, Telefonnummer und Ihre Mailadresse im Rahmen der EU-DSGVO gespeichert und nicht an Dritte, unbeteiligte weitergegeben. Die Datenschutzrichtline von clever reach k\u00f6nne Sie hier einsehen:&nbsp;<a href=\"https:\/\/www.cleverreach.com\/de\/datensicherheit\/\" target=\"_blank\" rel=\"noreferrer noopener\">https:\/\/www.cleverreach.com\/de\/datensicherheit\/<\/a><\/p>\n\n\n\n<p><strong>Facebook-Plugins (Like-Button)<\/strong><\/p>\n\n\n\n<p>Auf unseren Seiten sind Plugins des sozialen Netzwerks Facebook, Anbieter Facebook Inc., 1 Hacker Way, Menlo Park, California 94025, USA, integriert. Die Facebook-Plugins erkennen Sie an dem Facebook-Logo oder dem \u201eLike-Button\u201c (\u201eGef\u00e4llt mir\u201c) auf unserer Seite. Eine \u00dcbersicht \u00fcber die Facebook-Plugins finden Sie hier:&nbsp;<a href=\"https:\/\/developers.facebook.com\/docs\/plugins\/\" target=\"_blank\" rel=\"noreferrer noopener\">https:\/\/developers.facebook.com\/docs\/plugins\/<\/a>.<\/p>\n\n\n\n<p>Wenn Sie unsere Seiten besuchen, wird \u00fcber das Plugin eine direkte Verbindung zwischen Ihrem Browser und dem Facebook-Server hergestellt. Facebook erh\u00e4lt dadurch die Information, dass Sie mit Ihrer IPAdresse unsere Seite besucht haben. Wenn Sie den Facebook \u201eLike-Button\u201c anklicken w\u00e4hrend Sie in Ihrem Facebook-Account eingeloggt sind, k\u00f6nnen Sie die Inhalte unserer Seiten auf Ihrem Facebook-Profil verlinken. Dadurch kann Facebook den Besuch unserer Seiten Ihrem Benutzerkonto zuordnen. Wir weisen darauf hin, dass wir als Anbieter der Seiten keine Kenntnis vom Inhalt der \u00fcbermittelten Daten sowie deren Nutzung durch Facebook erhalten. Weitere Informationen hierzu finden Sie in der Datenschutzerkl\u00e4rung von Facebook unter&nbsp;<a href=\"https:\/\/dede. facebook.com\/policy.php\" target=\"_blank\" rel=\"noreferrer noopener\">https:\/\/de-de.facebook.com\/policy.php<\/a>.<\/p>\n\n\n\n<p>Wenn Sie nicht w\u00fcnschen, dass Facebook den Besuch unserer Seiten Ihrem Facebook-Nutzerkonto zuordnen kann, loggen Sie sich bitte aus Ihrem Facebook-Benutzerkonto aus.<\/p>\n\n\n\n<p><strong>Google+<\/strong><\/p>\n\n\n\n<p>Unsere Seiten nutzen Funktionen von Google+. Anbieter ist die Google Inc., 1600 Amphitheatre Parkway Mountain View, CA 94043, USA.<\/p>\n\n\n\n<p>Erfassung und Weitergabe von Informationen: Mithilfe der Google+-Schaltfl\u00e4che k\u00f6nnen Sie Informationen weltweit ver\u00f6ffentlichen. \u00dcber die Google+-Schaltfl\u00e4che erhalten Sie und andere Nutzer personalisierte Inhalte von Google und unseren Partnern. Google speichert sowohl die Information, dass Sie f\u00fcr einen Inhalt +1 gegeben haben, als auch Informationen \u00fcber die Seite, die Sie beim Klicken auf +1 angesehen haben. Ihre +1 k\u00f6nnen als Hinweise zusammen mit Ihrem Profilnamen und Ihrem Foto in Google-Diensten, wie etwa in Suchergebnissen oder in Ihrem Google-Profil, oder an anderen Stellen auf Websites und Anzeigen im Internet eingeblendet werden.<\/p>\n\n\n\n<p>Google zeichnet Informationen \u00fcber Ihre +1-Aktivit\u00e4ten auf, um die Google-Dienste f\u00fcr Sie und andere zu verbessern. Um die Google+-Schaltfl\u00e4che verwenden zu k\u00f6nnen, ben\u00f6tigen Sie ein weltweit sichtbares, \u00f6ffentliches Google-Profil, das zumindest den f\u00fcr das Profil gew\u00e4hlten Namen enthalten muss. Dieser Name wird in allen Google-Diensten verwendet. In manchen F\u00e4llen kann dieser Name auch einen anderen Namen ersetzen, den Sie beim Teilen vonInhalten \u00fcber Ihr Google-Konto verwendet haben. Die Identit\u00e4t Ihres Google-Profils kann Nutzern angezeigt werden, die Ihre E-Mail-Adresse kennen oder \u00fcber andere identifizierende Informationen von Ihnen verf\u00fcgen.<\/p>\n\n\n\n<p>Verwendung der erfassten Informationen: Neben den oben erl\u00e4uterten Verwendungszwecken werden die von Ihnen bereitgestellten Informationen gem\u00e4\u00df den geltenden Google-Datenschutzbestimmungen genutzt. Google ver\u00f6ffentlicht m\u00f6glicherweise zusammengefasste Statistiken \u00fcber die +1-Aktivit\u00e4ten der Nutzer bzw. gibt diese an Nutzer und Partner weiter, wie etwa Publisher, Inserenten oder verbundene Websites.<\/p>\n\n\n\n<p><strong>Instagram<\/strong><\/p>\n\n\n\n<p>Auf unseren Seiten sind Funktionen des Dienstes Instagram eingebunden. Diese Funktionen werden angeboten durch die Instagram Inc., 1601 Willow Road, Menlo Park, CA, 94025, USA integriert. Wenn Sie in Ihrem Instagram-Account eingeloggt sind k\u00f6nnen Sie durch Anklicken des Instagram-Buttons die Inhalte unserer Seiten mit Ihrem Instagram-Profil verlinken. Dadurch kann Instagram den Besuch unserer Seiten Ihrem Benutzerkonto zuordnen. Wir weisen darauf hin, dass wir als Anbieter der Seiten keine Kenntnis vom Inhalt der \u00fcbermittelten Datensowie deren Nutzung durch Instagram erhalten.<\/p>\n\n\n\n<p>Weitere Informationen hierzu finden Sie in der Datenschutzerkl\u00e4rung von Instagram:&nbsp;<a href=\"https:\/\/instagram.com\/about\/legal\/privacy\/\" target=\"_blank\" rel=\"noreferrer noopener\">https:\/\/instagram.com\/about\/legal\/privacy\/<\/a><\/p>\n\n\n\n<p><strong>YouTube<\/strong><\/p>\n\n\n\n<p>Unsere Website nutzt Plugins der von Google betriebenen Seite YouTube. Betreiber der Seiten ist die YouTube, LLC, 901 Cherry Ave., San Bruno, CA 94066, USA. Wenn Sie eine unserer mit einem YouTube-Plugin ausgestatteten Seiten besuchen, wird eine Verbindung zu den Servern von YouTube hergestellt .Dabei wird dem Youtube-Server mitgeteilt, welche unserer Seiten Sie besucht haben.<\/p>\n\n\n\n<p>Wenn Sie in Ihrem YouTube-Account eingeloggt sind erm\u00f6glichen Sie YouTube, Ihr Surfverhalten direkt Ihrem pers\u00f6nlichen Profil zuzuordnen. Dies k\u00f6nnen Sie verhindern, indem Sie sich aus Ihrem YouTube-Account ausloggen.<\/p>\n\n\n\n<p>Weitere Informationen zum Umgang von Nutzerdaten finden Sie in der Datenschutzerkl\u00e4rung von YouTube unter:&nbsp;<a href=\"https:\/\/www.google.de\/intl\/de\/policies\/privacy\" target=\"_blank\" rel=\"noreferrer noopener\">https:\/\/www.google.de\/intl\/de\/policies\/privacy<\/a><\/p>\n\n\n\n<p><strong>Erstellung von Nutzungsprofilen zur Webanalyse<\/strong><br>Wir erheben keine automatisierte Nutzungsdaten und erstellen daher keine Nutzungsprofile \u00fcber den Besuch unserer Website.<\/p>\n\n\n\n<p><strong>Informationen zur Datensicherheit<\/strong><\/p>\n\n\n\n<p>Wir gew\u00e4hrleisten die Vertraulichkeit und Sicherheit Ihrer personenbezogenen Daten dadurch, dass<br>\u2013 wir Ihre pers\u00f6nlichen Daten, soweit Sie uns diese \u00fcber unsere Website oder im Rahmen der E-Mail-Kommunikationmitteilen, nur zur Erf\u00fcllung Ihres Wunschs oder Anliegens verwenden,<br>\u2013 unsere Mitarbeiterinnen und Mitarbeiter Verschwiegenheitspflichten zu wahren haben,<br>\u2013 unsere Sicherheitsvorkehrungen in angemessenem Umfang dem aktuellen Stand der Technik entsprechen,<br>\u2013 unsere Systeme regelm\u00e4\u00dfig auf Sicherheit \u00fcberpr\u00fcft werden, damit wir nachhaltig vor etwaigen Sch\u00e4digungen, Verlusten und Zugriffen auf bei uns vorgehaltene Daten sch\u00fctzen k\u00f6nnen.<\/p>\n\n\n\n<p>Soweit wir aufgrund der schutzw\u00fcrdigkeit Ihrer Daten im Einzelfall zur Einhaltung h\u00f6herer Standards verpflichtet sind, beachten wir diese selbstverst\u00e4ndlich.<br>Auskunftsrecht<\/p>\n\n\n\n<p>Nach dem Bundesdatenschutzgesetz haben Sie ein Recht auf unentgeltliche Auskunft \u00fcber Ihre gespeicherten Daten.<\/p>\n\n\n\n<p><strong>Ansprechpartner f\u00fcr Datenschutz<\/strong><br>Bei Fragen zum Datenschutz hilft Ihnen Herr Michael Kothe gerne weiter.<br>\u00d6ffentliches Verfahrensverzeichnis (BDSG \u00a7 4g und 4e):<br>Der Beauftragte f\u00fcr den Datenschutz stellt hiermit jedermann die geforderten gesetzlichen Angaben zur Verf\u00fcgung.<\/p>\n\n\n\n<p><a href=\"http:\/\/www.osteopathie-kothe.de\/oeffentliches-verfahren\/\">\u00d6ffentliches Verfahrensverzeichnis<\/a><\/p>\n\n\n\n<p><strong>Name der verantwortlichen Stelle:<\/strong><br>Praxis Stephanie Klemmt<\/p>\n\n\n\n<p><strong>Anschrift der verantwortlichen Stelle:<\/strong><br>Th\u00fcringer Str. 227<br>37539 Bad Grund-Badenhausen<\/p>\n\n\n\n<p>Telefon 05522\/8686633<br>Telefax 05522\/8686640<br>E-Mail info(at)osteopathiemitherz-badenhausen.de<\/p>\n\n\n\n<p><strong>Zus\u00e4tzlich zu unserem Behandlungsvertrag (AGB) wird in der Praxis (und hier) vor Aufnahme Ihrer Daten vom Vertrag losgel\u00f6st (mit separater Unterschrift) auf Ihre folgende Betroffenenrechte hingewiesen:<\/strong><\/p>\n\n\n\n<ul class=\"wp-block-list\"><li><a href=\"https:\/\/dsgvo-gesetz.de\/art-12-dsgvo\/\" target=\"_blank\" rel=\"noreferrer noopener\">Art. 12<\/a>: Die mitzuteilenden Informationen der betroffenen Person in \u201etransparenter, verst\u00e4ndlicher und leicht zug\u00e4nglicher Form in einer klaren und einfachen Sprache\u201c vorzulegen,<\/li><li><a href=\"https:\/\/dsgvo-gesetz.de\/art-13-dsgvo\/\" target=\"_blank\" rel=\"noreferrer noopener\">Art. 13<\/a>&nbsp;Informationspflicht des f\u00fcr die Datenverarbeitung Verantwortlichen,<\/li><li><a href=\"https:\/\/dsgvo-gesetz.de\/art-14-dsgvo\/\" target=\"_blank\" rel=\"noreferrer noopener\">Art. 14<\/a>&nbsp;Auskunft \u00fcber Weitergabe der pers\u00f6nlichen Daten an Dritte zwecks Verarbeitung,<\/li><li><a href=\"https:\/\/dsgvo-gesetz.de\/art-15-dsgvo\/\" target=\"_blank\" rel=\"noreferrer noopener\">Art. 15<\/a>&nbsp;Auskunftsrecht,<\/li><li><a href=\"https:\/\/dsgvo-gesetz.de\/art-16-dsgvo\/\" target=\"_blank\" rel=\"noreferrer noopener\">Art. 16<\/a>&nbsp;Das Recht auf Berichtigung,<\/li><li><a href=\"https:\/\/dsgvo-gesetz.de\/art-17-dsgvo\/\" target=\"_blank\" rel=\"noreferrer noopener\">Art. 17<\/a>&nbsp;Das Recht auf Datenl\u00f6schung,<\/li><li><a href=\"https:\/\/dsgvo-gesetz.de\/art-18-dsgvo\/\" target=\"_blank\" rel=\"noreferrer noopener\">Art. 18<\/a>&nbsp;Das Recht auf Einschr\u00e4nkung der Verarbeitung,<\/li><li><a href=\"https:\/\/dsgvo-gesetz.de\/art-20-dsgvo\/\" target=\"_blank\" rel=\"noreferrer noopener\">Art. 20<\/a>&nbsp;Recht auf Daten\u00fcbertragbarkeit (Format\u00e4nderung zur Daten\u00fcbermittlung),<\/li><li><a href=\"https:\/\/dsgvo-gesetz.de\/art-21-dsgvo\/\" target=\"_blank\" rel=\"noreferrer noopener\">Art. 21<\/a>&nbsp;Recht auf Widerspruch<\/li><\/ul>\n","protected":false},"excerpt":{"rendered":"<p>Allgemeines zum Datenschutz (DSGVO &amp; BDSG-neu) Wir freuen uns \u00fcber Ihr Interesse an unserer Webseite. Der Schutz Ihrer Privatsph\u00e4re ist f\u00fcr uns sehr wichtig. Nachstehend informieren wir Sie ausf\u00fchrlich \u00fcber den Umgang mit Ihren Daten. Die Datenschutzerkl\u00e4rung der Praxis f\u00fcr Osteopathie Stephanie Klemmt beruht auf den Begrifflichkeiten, die durch den Europ\u00e4ischen Richtlinien- und Verordnungsgeber beim &hellip; <\/p>\n<p class=\"link-more\"><a href=\"https:\/\/osteopathiemitherz-badenhausen.de\/?page_id=17\" class=\"more-link\"><span class=\"screen-reader-text\">\u201eDatenschutz\u201c<\/span> weiterlesen<\/a><\/p>\n","protected":false},"author":1,"featured_media":0,"parent":0,"menu_order":0,"comment_status":"closed","ping_status":"closed","template":"","meta":{"footnotes":""},"class_list":["post-17","page","type-page","status-publish","hentry"],"_links":{"self":[{"href":"https:\/\/osteopathiemitherz-badenhausen.de\/index.php?rest_route=\/wp\/v2\/pages\/17","targetHints":{"allow":["GET"]}}],"collection":[{"href":"https:\/\/osteopathiemitherz-badenhausen.de\/index.php?rest_route=\/wp\/v2\/pages"}],"about":[{"href":"https:\/\/osteopathiemitherz-badenhausen.de\/index.php?rest_route=\/wp\/v2\/types\/page"}],"author":[{"embeddable":true,"href":"https:\/\/osteopathiemitherz-badenhausen.de\/index.php?rest_route=\/wp\/v2\/users\/1"}],"replies":[{"embeddable":true,"href":"https:\/\/osteopathiemitherz-badenhausen.de\/index.php?rest_route=%2Fwp%2Fv2%2Fcomments&post=17"}],"version-history":[{"count":3,"href":"https:\/\/osteopathiemitherz-badenhausen.de\/index.php?rest_route=\/wp\/v2\/pages\/17\/revisions"}],"predecessor-version":[{"id":59,"href":"https:\/\/osteopathiemitherz-badenhausen.de\/index.php?rest_route=\/wp\/v2\/pages\/17\/revisions\/59"}],"wp:attachment":[{"href":"https:\/\/osteopathiemitherz-badenhausen.de\/index.php?rest_route=%2Fwp%2Fv2%2Fmedia&parent=17"}],"curies":[{"name":"wp","href":"https:\/\/api.w.org\/{rel}","templated":true}]}}